 308*l + 3. Determine w(5).
-7
Let u(a) = -a**3 + 3*a**2 + 2*a + 245. Determine u(0).
245
Let n(k) = 2*k**3 + 12*k**2 + 14*k + 13. Calculate n(-5).
-7
Let m(k) = 2*k**2 + 51*k - 354. Determine m(-31).
-13
Let k(n) = n**3 - 11*n**2 - 57*n + 636. Give k(11).
9
Let f(s) = 2*s**2 - 1281*s + 6360. Calculate f(5).
5
Let x(t) = -t**3 - 6*t**2 + 237*t + 9. What is x(13)?
-121
Let g(f) = 1438*f + 24440. Calculate g(-17).
-6
Let u(k) = k**3 + 51*k**2 - 218*k + 170. What is u(-55)?
60
Let y(a) = 2*a**2 + 21*a. Give y(-8).
-40
Let a(y) = -23*y - 214. Calculate a(-17).
177
Let f(z) = 45*z - 119. Calculate f(4).
61
Let b(n) = 8*n - 311. What is b(26)?
-103
Let t(m) = -2*m**2 + 47*m - 92. Calculate t(22).
-26
Let s(o) = 110*o - 2432. Calculate s(25).
318
Let f(l) = -l**3 - 8*l**2 + 14*l + 30. What is f(-9)?
-15
Let p(f) = 31*f**2 + 960*f - 19. Give p(-31).
12
Let q(o) = 3*o**3 + 18*o**2 - 45*o - 166. What is q(-7)?
2
Let y(a) = 43*a - 12. What is y(-9)?
-399
Let z(y) = -y**2 + 105*y - 1769. Calculate z(84).
-5
Let q(c) = c**3 - 9*c**2 + 3*c + 68. What is q(6)?
-22
Let i(h) = -328*h - 3290. What is i(-10)?
-10
Let k(p) = 3*p**2 - 293*p + 1310. What is k(93)?
8
Let y(n) = 3*n**3 - 48*n**2 - n - 89. Calculate y(16).
-105
Let o(f) = -f**2 - 472*f - 7506. What is o(-16)?
-210
Let v(u) = -9*u**2 - 901*u - 82. Determine v(-100).
18
Let i(v) = -210*v - 1252. Determine i(-6).
8
Let h(b) = 2*b**3 + 2*b**2 + b + 6. Calculate h(0).
6
Let z(f) = -f**3 + 42*f**2 + 196*f - 106. Calculate z(46).
446
Let g(v) = -8*v**2 - 563*v - 206. What is g(-70)?
4
Let q(m) = 2*m**2 - 24*m - 90. Determine q(-5).
80
Let p(z) = 24*z**2 - 306*z - 70. Give p(13).
8
Let t(g) = 34*g**2 - 2*g - 3. Calculate t(-2).
137
Let h(r) = -327*r - 16693. Calculate h(-51).
-16
Let s(r) = -r**3 + 6*r**2 - 18*r + 79. Determine s(4).
39
Let a(s) = -38*s - 64. Determine a(-2).
12
Let c(n) = -358*n - 3833. Determine c(-11).
105
Let s(z) = z**2 - 4*z - 1339. Give s(41).
178
Let n(o) = -708*o**2 + 7*o + 4. What is n(0)?
4
Let n(z) = z**3 + 23*z**2 + 61*z - 27. Give n(-20).
-47
Let b(d) = d**3 + 2*d**2 - 18*d - 27. Give b(-6).
-63
Let g(t) = -8*t**2 + 22*t - 101. Determine g(4).
-141
Let w(y) = 23*y + 30. Give w(-5).
-85
Let j(s) = -7*s**3 + 126*s**2 - 17*s - 7. What is j(18)?
-313
Let a(j) = -j**2 - 11*j + 773. Give a(-38).
-253
Let k(h) = 705*h + 5621. What is k(-8)?
-19
Let l(x) = 47*x + 298. What is l(-8)?
-78
Let j(a) = -3*a**3 + 131*a**2 - 114*a + 1139. Give j(43).
-65
Let t(a) = 2*a**2 - 20*a - 186. What is t(0)?
-186
Let x(o) = 6*o**2 - 312*o - 1012. Give x(55).
-22
Let m(t) = 35*t + 799. Determine m(-29).
-216
Let z(x) = 9*x**2 - 3224*x + 728. Calculate z(358).
12
Let h(s) = -s**2 + 116*s - 2624. Give h(85).
11
Let o(c) = -c**3 + 15*c**2 - 79*c + 1618. Calculate o(16).
98
Let t(h) = -1506*h + 25588. Determine t(17).
-14
Let x(v) = -2*v**2 + 94*v - 841. Give x(35).
-1
Let w(j) = 19*j**2 - 578*j + 788. Determine w(29).
5
Let d(z) = 15*z + 638. Calculate d(-50).
-112
Let f(t) = -8*t**2 + 464*t + 519. Determine f(59).
47
Let s(f) = 238*f + 22637. Calculate s(-95).
27
Let q(h) = -114*h - 536. Determine q(-5).
34
Let t(b) = -b**2 - 30*b - 59. Calculate t(-38).
-363
Let y(c) = 8*c - 43. Determine y(-8).
-107
Let s(i) = i**3 - 27*i**2 + 47*i + 85. What is s(25)?
10
Let y(p) = -8*p + 133. What is y(15)?
13
Let p(x) = -4*x**2 - 96*x - 317. Determine p(-4).
3
Let b(k) = k**3 - 28*k**2 + 63*k - 127. What is b(26)?
159
Let w(l) = 2*l**3 - 41*l**2 - 48*l + 566. Calculate w(21).
-1
Let z(r) = 60*r + 1513. Calculate z(-26).
-47
Let g(h) = 6*h**2 + 146*h + 51. Determine g(-24).
3
Let z(m) = -24*m - 381. Calculate z(-17).
27
Let g(f) = -2*f**2 + 37*f - 22. Determine g(17).
29
Let k(j) = 1348*j + 3979. Calculate k(-3).
-65
Let g(i) = -i**2 - 3761*i + 11288. Calculate g(3).
-4
Let n(o) = 124*o**3 + 22*o**2 - 21*o. What is n(1)?
125
Let u(r) = -2*r**3 - 16*r**2 + 30*r + 83. Calculate u(-9).
-25
Let p(y) = 68*y**2 + 732*y - 183. What is p(-11)?
-7
Let m(g) = g + 12. Determine m(1).
13
Let m(s) = -s**3 + 38*s**2 - 379*s + 1121. What is m(8)?
9
Let p(d) = 4*d**2 + 3*d + 10. Give p(-8).
242
Let d(p) = -405*p**3 + 4*p**2 - 2*p - 2. Determine d(1).
-405
Let j(g) = g**3 + 9*g - 11. Calculate j(2).
15
Let b(c) = 3*c - 12. Give b(-10).
-42
Let w(b) = 198*b + 1513. Calculate w(-8).
-71
Let b(d) = 32*d - 64. Give b(7).
160
Let g(z) = -101*z + 6. Determine g(-2).
208
Let m(o) = 3*o**2 + 223*o + 3765. Calculate m(-26).
-5
Let k(v) = -3*v**2 - 30*v + 71. Give k(3).
-46
Let x(z) = 2*z**2 + 38*z - 354. What is x(12)?
390
Let k(o) = o**3 + 2*o**2 - 31*o - 76. What is k(-5)?
4
Let p(m) = -5*m - 3. What is p(10)?
-53
Let u(k) = -k**2 + 26*k + 139. Give u(-8).
-133
Let i(g) = -9*g**2 + 57*g - 8. Determine i(6).
10
Let v(d) = -47*d**3 - 4*d**2 - 8*d - 10. Give v(-2).
366
Let k(h) = 39*h + 202. Give k(-5).
7
Let c(z) = -z**2 + 20*z + 222. Give c(44).
-834
Let c(t) = -t**2 - 56*t - 720. Give c(-36).
0
Let r(k) = k + 40. Calculate r(-4).
36
Let o(x) = x**3 + 14*x**2 + 21*x - 20. What is o(-13)?
-124
Let r(s) = 77*s - 8087. What is r(105)?
-2
Let o(r) = -73*r + 948. Give o(13).
-1
Let z(k) = -43*k - 1286. Calculate z(-33).
133
Let v(c) = -67*c - 3482. What is v(-52)?
2
Let h(t) = 6*t**2 + 54*t - 96. Determine h(-11).
36
Let k(s) = -2*s**3 - 14*s**2 + 10*s + 63. What is k(-6)?
-69
Let q(b) = 6*b**3 + 234*b**2 - b - 41. Calculate q(-39).
-2
Let w(z) = -729*z**2 + 2*z - 12. Calculate w(0).
-12
Let p(y) = -2*y**2 - 2*y - 12. Determine p(5).
-72
Let r(f) = -2*f**3 - 33*f**2 + 22*f + 78. Give r(-17).
-7
Let d(g) = -47*g + 4321. Determine d(90).
91
Let d(k) = 7167*k - 57362. Give d(8).
-26
Let f(c) = 1437*c + 6988. Calculate f(-5).
-197
Let p(q) = -3*q**2 - 270*q - 178. Calculate p(-90).
-178
Let s(m) = -10*m + 568. Give s(52).
48
Let t(q) = -10*q**2 - 241*q + 227. Give t(-25).
2
Let q(w) = w**3 - 108*w**2 + 107*w - 153. Give q(107).
-153
Let z(r) = -65*r + 7347. Determine z(113).
2
Let p(j) = j**3 + 28*j**2 - 64*j - 77. Give p(-30).
43
Let y(o) = -2*o**3 - 31*o**2 + 103*o + 867. Calculate y(-17).
-17
Let q(f) = -48*f - 2157. Calculate q(-45).
3
Let x(k) = -126*k**3 - 5*k**2 - 3*k + 1. Determine x(-1).
125
Let r(q) = -35*q - 1419. What is r(-40)?
-19
Let l(w) = -9*w + 125. Determine l(25).
-100
Let s(h) = 5*h**3 - h**2 + 12*h + 13. Calculate s(-1).
-5
Let g(n) = -n**3 - 15*n**2 + 32*n + 1. Determine g(-17).
35
Let l(s) = s**3 + 124*s**2 - 1341*s - 141. Give l(-134).
-7
Let s(j) = -73*j**2 - 3578*j - 57. Determine s(-49).
-8
Let i(w) = -w**3 - 80*w**2 + 122*w - 3468. What is i(-82)?
-24
Let m(n) = -14*n**2 + 36*n - 18. Calculate m(2).
-2
Let n(t) = 19414*t - 155322. Determine n(8).
-10
Let m(a) = 11*a**3 + 231*a**2 - 8*a - 152. Calculate m(-21).
16
Let x(p) = -124*p - 111. What is x(-2)?
137
Let y(t) = 7*t**2 + 40*t + 33. Determine y(-10).
333
Let a(c) = 34*c**2 - 370*c - 41. Determine a(11).
3
Let f(i) = -i**3 - 395*i**2 + 17875*i + 36. Determine f(41).
-5
Let s(x) = 575*x - 2303. Give s(4).
-3
Let b(k) = -k**3 - 71*k**2 + 145*k + 5252. Determine b(-72).
-4
Let i(l) = 73*l - 2814. What is i(40)?
106
Let o(s) = -123*s - 1470. What is o(-12)?
6
Let b(a) = -3549*a + 17746. Determine b(5).
1
Let g(a) = -a**3 - 20*a**2 + 100*a + 83. Give g(-24).
-13
Let h(x) = x**3 + 54*x**2 + x + 302. Calculate h(-54).
248
Let d(b) = 1387*b**2 + 6936*b - 4. Determine d(-5).
-9
Let i(j) = -j**3 + 33*j**2 - 28*j + 914. Give i(33).
-10
Let y(v) = 2*v**3 - 120*v**2 + 117*v + 57. Determine y(59).
-2
Let l(r) = r + 33. What is l(-12)?
21
Let i(t) = -72*t + 1021. Calculate i(14).
13
Let t(o) = -8*o**3 - 16*o**2 + 16*o + 20. Give t(2).
-76
Let v(a) = -a**3 + 3*a**2 - 9*a + 46. Calculate v(4).
-6
Let h(a) = 14*a - 177. What is h(13)?
5
Let i(h) = 2*h**2 - 17*h - 579. Determine i(-16).
205
Let n(c) = -c**2 + 8*c - 41. Determine n(5).
-26
Let c(u) = 6*u**2 - 50*u + 102. Calculate c(3).
6
Let a(p) = 3*p**2 - 13*p + 12. Calculate a(2).
-2
Let k(v) = -2*v**3 - 37*v**2 - 8*v + 180. Give k(-18).
0
Let m(q) = 3*q**2 + 72*q + 19. Calculate m(-22).
-113
Let c(z) = -61*z + 99. What is c(6)?
-267
Let m(a) = -2*a**3 - 5*a**2 - 9*a - 42. What is m(-5)?
128
Let v(p) = 115*p - 1374. Give v(12).
6
Let h(r) = r**3 - 30*r**2 + 91*r - 349. Give h(27).
-79
Let s(z) = -2*z**3 + 3*z**2 + 131*z + 42. Calc